Is 316638127079 prime?
True
Is 10652639299 composite?
False
Is 464856643 a prime number?
True
Is 7963893731 a prime number?
True
Is 49593888367 composite?
True
Is 845764609 prime?
True
Is 3826983289 a composite number?
True
Is 11521085369 composite?
False
Is 1106856463 composite?
False
Is 4218240487 a prime number?
False
Is 137096941 prime?
False
Is 852821819 composite?
False
Is 1055475067 prime?
False
Is 65589516743 prime?
False
Is 11970465197 composite?
True
Is 29305672351 a composite number?
False
Is 1917435131 prime?
True
Is 105321289 composite?
True
Is 26502677807 composite?
False
Is 355127023 composite?
False
Is 4187764643 a composite number?
False
Is 404182711 a prime number?
True
Is 8435370571 prime?
True
Is 27298932973 composite?
True
Is 21654628399 composite?
True
Is 3048374317 prime?
True
Is 652146407 prime?
False
Is 49102420853 a composite number?
False
Is 1217207261 a composite number?
True
Is 2339185217 a prime number?
False
Is 33934185767 a composite number?
False
Is 23041055101 a prime number?
False
Is 363428459 composite?
False
Is 184048321 prime?
False
Is 192843070093 a prime number?
True
Is 635233639 a composite number?
False
Is 1243477353 composite?
True
Is 165052622873 a prime number?
True
Is 35466144655 prime?
False
Is 145644659 a prime number?
False
Is 25137244637 prime?
True
Is 10616611189 composite?
True
Is 3620585491 composite?
False
Is 126714947 a composite number?
True
Is 657737107 prime?
False
Is 96939359 composite?
True
Is 57824703743 a composite number?
True
Is 883378681 a prime number?
False
Is 196179481 prime?
True
Is 68667054923 a prime number?
False
Is 9640136291 composite?
True
Is 3700543877 composite?
False
Is 2061618563 prime?
True
Is 40529954 prime?
False
Is 880441691 composite?
False
Is 375983421941 prime?
True
Is 9275822089 prime?
False
Is 39022304773 a composite number?
False
Is 290306279 prime?
True
Is 2486269451 a prime number?
True
Is 1031277619 a prime number?
False
Is 224359819 composite?
False
Is 440871221 prime?
False
Is 801559991 a composite number?
True
Is 9462525733 prime?
True
Is 3531243587 a composite number?
True
Is 1093874279 a composite number?
False
Is 167543423797 a prime number?
True
Is 314403377 composite?
False
Is 66636265487 a prime number?
False
Is 10112245103 prime?
False
Is 6283028621 composite?
False
Is 12905278051 composite?
True
Is 1179796129 prime?
True
Is 393267192889 a prime number?
True
Is 1175369633 a prime number?
False
Is 68509218599 composite?
False
Is 1507512023 composite?
True
Is 67565136217 a composite number?
True
Is 5970299711 a prime number?
True
Is 722969963 composite?
False
Is 2482065013 a composite number?
True
Is 11813206147 a prime number?
False
Is 176385346945 composite?
True
Is 743680151 a composite number?
True
Is 531247921 composite?
False
Is 476578789 prime?
False
Is 3703067497 a prime number?
True
Is 62683897 composite?
True
Is 9490829017 prime?
True
Is 15098294509 a prime number?
True
Is 53213091829 a prime number?
False
Is 1097788199 composite?
False
Is 1080387793 a composite number?
True
Is 9753293 a composite number?
True
Is 28091489143 a composite number?
False
Is 2939509121 composite?
False
Is 14621687 a composite number?
False
Is 2598195781 a composite number?
False
Is 129101594707 a prime number?
False
Is 34442489509 composite?
False
Is 561024719 a prime number?
False
Is 536495857 composite?
False
Is 39646337 a prime number?
True
Is 76218986449 a composite number?
False
Is 4752369257 composite?
False
Is 39022357399 prime?
False
Is 10846015027 composite?
True
Is 430305779 composite?
True
Is 44586474883 prime?
True
Is 27443461753 a prime number?
True
Is 16817314235 prime?
False
Is 3861775259 a composite number?
True
Is 1118599601 a prime number?
False
Is 65186995 composite?
True
Is 37471696133 prime?
False
Is 12534349241 prime?
True
Is 1260443473 composite?
True
Is 51339408953 a composite number?
True
Is 1504052467 composite?
False
Is 381073879 a prime number?
True
Is 74334950761 a prime number?
False
Is 89097422381 a prime number?
False
Is 29801177201 a composite number?
False
Is 238603367 composite?
False
Is 31866333329 a composite number?
False
Is 648582278 a composite number?
True
Is 19669271659 a composite number?
False
Is 44118951 composite?
True
Is 5692128283 a composite number?
True
Is 2871626029 composite?
True
Is 16357994953 composite?
True
Is 227777357 composite?
True
Is 2764646719 composite?
False
Is 4163094889 prime?
False
Is 416302433 composite?
False
Is 31989346951 a prime number?
True
Is 363896107 composite?
False
Is 306306217 composite?
True
Is 28929981107 prime?
False
Is 620330161 prime?
False
Is 11148324569 a prime number?
True
Is 108012547 a prime number?
True
Is 105467312809 a prime number?
False
Is 4517619859 prime?
False
Is 597174859 a composite number?
False
Is 55307550173 a prime number?
False
Is 1284695201 composite?
False
Is 3033347047 a prime number?
False
Is 41005749221 composite?
True
Is 37981710946 composite?
True
Is 34247978747 prime?
True
Is 243831773 a composite number?
False
Is 1478668991 a composite number?
True
Is 21873467141 a composite number?
False
Is 68029067 composite?
True
Is 690287359 prime?
False
Is 9447264103 a composite number?
False
Is 3794944421 prime?
True
Is 9214195223 a composite number?
False
Is 42567985 prime?
False
Is 68875936433 a composite number?
False
Is 7009634119 a prime number?
False
Is 2218417189 composite?
False
Is 17042696861 prime?
False
Is 20007311377 a prime number?
True
Is 2360167627 prime?
True
Is 2364680537 composite?
False
Is 29200567439 a composite number?
True
Is 30758445463 a composite number?
True
Is 144808061 prime?
True
Is 4135509361 a composite number?
True
Is 2610071993 composite?
True
Is 3663320827 a composite number?
True
Is 14854562321 a prime number?
True
Is 60807592903 prime?
True
Is 74423294887 a prime number?
True
Is 7775355311 a composite number?
False
Is 6650250577 a prime number?
True
Is 246958643 a composite number?
True
Is 633509749 a composite number?
False
Is 352837367 a prime number?
True
Is 208228483 a composite number?
False
Is 2600320159 a composite number?
True
Is 923191441 a prime number?
True
Is 189544135463 a prime number?
True
Is 256451359 composite?
False
Is 481889557 prime?
True
Is 252274843 a composite number?
True
Is 162100303 composite?
False
Is 2863571257 prime?
True
Is 25563619166 prime?
False
Is 118485701119 a composite number?
False
Is 2490139147 prime?
True
Is 27474922591 composite?
False
Is 5907586661 a composite number?
False
Is 144327487 prime?
True
Is 487409867 composite?
True
Is 254345969 a prime number?
True
Is 488066507 composite?
True
Is 782621227 a composite number?
True
Is 484540837 prime?
False
Is 5460719401 a composite number?
True
Is 2418626131 a prime number?
False
Is 131648470285 prime?
False
Is 25202464097 composite?
True
Is 9261247337 a prime number?
True
Is 22324013189 a prime number?
True
Is 3043429889 composite?
True
Is 1139089619 a composite number?
True
Is 28252954777 composite?
False
Is 68737539671 a prime number?
False
Is 39955364483 a composite number?
True
Is 7636942811 composite?
True
Is 2735473583 composite?
True
Is 130470839 prime?
True
Is 1640025067 a prime number?
True
Is 661031743 a prime number?
True
Is 102575604827 a composite number?
False
Is 722173547 composite?
False
Is 7968099877 a prime number?
True
Is 3136682881 a prime number?
False
Is 525627259 composite?
True
Is 34912852603 composite?
True
Is 1063601977 composite?
False
Is 791015021 a composite number?
False
Is 5244972959 prime?
False
Is 17661122737 prime?
True
Is 6866612963 a composite number?
True
Is 136584887 a prime number?
True
Is 15992681891 a composite number?
True
Is 141911153 prime?
True
Is 19133959363 a prime number?
True
Is 67706851619 prime?
False
Is 17149995409 a prime number?
False
Is 4578777523 a composite number?
True
Is 2091297163 prime?
False
Is 33150223 composite?
False
Is 396622361 prime?
True
Is 35319438521 a prime number?
False
Is 103428473 composite?
False
Is 353319073 a composite number?
True
Is 97448742565 a prime number?
False
Is 4459521827 composite?
False
Is 7378736669 a prime number?
True
Is 11495440961 prime?
False
Is 6544003223 prime?
True
Is 3551229217 a prime number?
True
Is 7526480965 prime?
False
Is 281